{"id":1645,"date":"2025-03-18T11:08:42","date_gmt":"2025-03-18T11:08:42","guid":{"rendered":"https:\/\/resilience-expo.com\/home\/?page_id=1645"},"modified":"2025-05-28T21:34:23","modified_gmt":"2025-05-28T21:34:23","slug":"newsletter","status":"publish","type":"page","link":"https:\/\/resilience-expo.com\/home\/newsletter\/","title":{"rendered":"Newsletter"},"content":{"rendered":"<div class=\"fusion-fullwidth fullwidth-box fusion-builder-row-1 fusion-flex-container has-pattern-background has-mask-background fusion-parallax-none nonhundred-percent-fullwidth non-hundred-percent-height-scrolling lazyload\" style=\"--awb-border-sizes-top:0px;--awb-border-sizes-bottom:0px;--awb-border-sizes-left:0px;--awb-border-sizes-right:0px;--awb-border-radius-top-left:0px;--awb-border-radius-top-right:0px;--awb-border-radius-bottom-right:0px;--awb-border-radius-bottom-left:0px;--awb-padding-top:0px;--awb-padding-bottom:5%;--awb-background-size:cover;--awb-flex-wrap:wrap;\" data-bg=\"https:\/\/resilience-expo.com\/wp-content\/uploads\/2025\/05\/verlauf_blauturkis_strhl4_2560x2489.png\" ><div class=\"fusion-builder-row fusion-row fusion-flex-align-items-flex-start fusion-flex-justify-content-center fusion-flex-content-wrap\" style=\"max-width:calc( 1170px + 0px );margin-left: calc(-0px \/ 2 );margin-right: calc(-0px \/ 2 );\"><div class=\"fusion-layout-column fusion_builder_column fusion-builder-column-0 fusion_builder_column_1_1 1_1 fusion-flex-column fusion-animated\" style=\"--awb-bg-blend:overlay;--awb-bg-size:cover;--awb-width-large:100%;--awb-margin-top-large:60px;--awb-spacing-right-large:calc( 0.03 * calc( 100% - 0px ) );--awb-margin-bottom-large:15px;--awb-spacing-left-large:calc( 0.03 * calc( 100% - 0px ) );--awb-width-medium:100%;--awb-order-medium:0;--awb-spacing-right-medium:0px;--awb-spacing-left-medium:0px;--awb-width-small:100%;--awb-order-small:0;--awb-spacing-right-small:0px;--awb-spacing-left-small:0px;\" data-animationType=\"fadeIn\" data-animationDuration=\"1.0\" data-animationOffset=\"top-into-view\" data-scroll-devices=\"small-visibility,medium-visibility,large-visibility\"><div class=\"fusion-column-wrapper fusion-column-has-shadow fusion-flex-justify-content-flex-start fusion-content-layout-column\"><div class=\"fusion-separator fusion-full-width-sep\" style=\"align-self: center;margin-left: auto;margin-right: auto;margin-top:80px;width:100%;\"><\/div><div class=\"fusion-title title fusion-title-1 fusion-sep-none fusion-title-center fusion-title-text fusion-title-size-two\" style=\"--awb-text-color:var(--awb-color1);--awb-margin-top-small:0px;--awb-margin-right-small:0px;--awb-margin-bottom-small:20px;--awb-margin-left-small:0px;--awb-font-size:100px;\"><h2 class=\"fusion-title-heading title-heading-center fusion-responsive-typography-calculated\" style=\"margin:0;text-transform:var(--awb-typography1-text-transform);font-size:1em;--fontSize:100;line-height:1;\"><p style=\"text-align: center;\">News\u00adletter<\/p><\/h2><\/div><i class=\"fb-icon-element-1 fb-icon-element fontawesome-icon awb-sports-ellipsis-h circle-no\" style=\"--awb-font-size:0px;--awb-align-self:center;--awb-margin-top:0px;--awb-margin-right:0px;--awb-margin-bottom:40px;--awb-margin-left:0px;\"><\/i><div class=\"fusion-text fusion-text-1\" style=\"--awb-content-alignment:center;--awb-font-size:20px;--awb-text-color:var(--awb-color1);\"><p>Immer auf dem Laufenden. Abonnieren Sie unsere eNews!<\/p>\n<\/div><\/div><\/div><div class=\"fusion-layout-column fusion_builder_column fusion-builder-column-1 fusion_builder_column_3_5 3_5 fusion-flex-column fusion-animated\" style=\"--awb-bg-blend:overlay;--awb-bg-size:cover;--awb-width-large:60%;--awb-margin-top-large:15px;--awb-spacing-right-large:calc( 0.05 * calc( 100% - 0px ) );--awb-margin-bottom-large:70px;--awb-spacing-left-large:calc( 0.05 * calc( 100% - 0px ) );--awb-width-medium:100%;--awb-order-medium:0;--awb-spacing-right-medium:0px;--awb-spacing-left-medium:0px;--awb-width-small:100%;--awb-order-small:0;--awb-spacing-right-small:0px;--awb-spacing-left-small:0px;\" data-animationType=\"fadeIn\" data-animationDuration=\"1.0\" data-animationOffset=\"top-into-view\" data-scroll-devices=\"small-visibility,medium-visibility,large-visibility\"><div class=\"fusion-column-wrapper fusion-column-has-shadow fusion-flex-justify-content-flex-start fusion-content-layout-column\"><form id=\"optin_form\"  action=\"https:\/\/info.resilience-expo.com\/optin\/optin\/execute\" method=\"post\" accept-charset=\"utf-8\"><div class=\"nl-form-body\" style=\"color: white;\">\n<!-- BEGIN ELEMENTS --><input name=\"account_id\"  value=\"35933\" type=\"hidden\" \/><input name=\"account_code\"  value=\"CvBCY\" type=\"hidden\" \/><input name=\"optinsetup_id\"  value=\"4\" type=\"hidden\" \/><input name=\"optinsetup_code\"  value=\"xzv9Y\" type=\"hidden\" \/>\n            <input id=\"fa_4\" name=\"ic\"  value=\"\" type=\"hidden\" \/>\n            <script>\n                setInterval(function(){\n                    var el=document.getElementById(\"fa_4\");\n                    if(el){\n                        if (isNaN(parseInt(el.value)) == true){\n                          el.value = 0;\n                        }\n                        else{\n                          el.value = parseInt(el.value) + 17;\n                        }\n                    }\n                }, 1000);\n            <\/script>\n        <div id=\"fa_5\" class=\"element mandatory\"><div class=\"first\"><\/div><div class=\"second\"><input name=\"fields[4]\" type=\"text\" value=\"\" placeholder=\"NACHNAME *\" \/><\/div><\/div><div id=\"fa_6\" class=\"element mandatory\"><div class=\"first\"><\/div><div class=\"second\"><input name=\"fields[3]\" type=\"text\" value=\"\" placeholder=\"VORNAME *\" \/><\/div><\/div><div id=\"fa_7\" class=\"element\"><div class=\"first\"><\/div><label style=\"font-size: 14px; padding-left: 15px;\">ANREDE *<\/label><div class=\"second\"><div style=\"color: #fff;\"><select name=\"fields[2]\" placeholder=\"ANREDE\" style=\"width: 200px;\" ><option   value=\"\"><\/option><option   value=\"Herr\">Herr<\/option><option   value=\"Frau\">Frau<\/option><option   value=\"Divers\">Divers<\/option><\/select><\/div><\/div><\/div><div id=\"fa_8\" class=\"element mandatory\"><div class=\"first\"><\/div><div class=\"second\"><input name=\"fields[1]\" type=\"text\" value=\"\" placeholder=\"E-MAIL *\" \/><\/div><\/div><div id=\"fa_9\" class=\"element\"><div class=\"first\"><\/div><div class=\"second\"><input name=\"fields[21]\" type=\"text\" value=\"\" placeholder=\"UNTERNEHMEN \/ INSTITUTION\" \/><\/div><\/div><div id=\"fa_10\" class=\"element\"><div class=\"first\"><\/div><div class=\"second\"><input name=\"fields[22]\" type=\"text\" value=\"\" placeholder=\"STANDORT DES UNTERNEHMENS \/ DER INSTITUTION\" \/><\/div><\/div><div id=\"fa_11\" class=\"element\"><div class=\"first\"><\/div><div class=\"second\"><textarea name=\"fields[23]\" placeholder=\"IHR BEZUG ZUR KLIMAANPASSUNG\"  style=\"width: 600px; height: 60px;\" ><\/textarea><\/div><\/div><div id=\"fa_12\" class=\"element mandatory\"><div class=\"first\"><\/div><label style=\"font-size: 14px; padding-left: 15px;\">SPRACHE *<\/label><div class=\"second\"><div><select name=\"fields[25]\" placeholder=\"SPRACHE\" style=\"width: 200px;\" ><option   value=\"\"><\/option><option   value=\"Deutsch\">Deutsch<\/option><option   value=\"English\">English<\/option><\/select><\/div><\/div><\/div><div id=\"fa_13\" class=\"element\"><div class=\"formassi_element_paragraph\"><\/div><\/div><div id=\"fa_14\" class=\"element mandatory\"><div class=\"first\"><\/div><div class=\"second\"><div><input  name=\"fields[20]\" type=\"checkbox\" value=\"1\"><label>  Indem Sie sich f\u00fcr den Newsletter anmelden, stimmen Sie zu, Informationen und Neuigkeiten von der Resilience Expo zu erhalten. Au\u00dferdem informieren wir Sie \u00fcber Veranstaltungen und k\u00f6nnen Sie gegebenenfalls zur Teilnahme an Umfragen einladen. Sie haben die M\u00f6glichkeit, zu jeder Zeit dem Erhalt weiterer E-Mails zu widersprechen. Dazu finden Sie in jeder E-Mail einen Abmeldelink. Ausf\u00fchrliche Informationen zur Verarbeitung Ihrer personenbezogenen Daten im Zusammenhang mit dem Versand unseres Newsletters sind in den <a class=\"link_apfel_first\" href=\"https:\/\/resilience-expo.com\/datenschutz\/\" target=\"_blank\"> Datenschutzbestimmungen<\/a> beschrieben. * <\/label><\/div><\/div><\/div><div id=\"fa_15\" class=\"element\"><div class=\"validation\"><\/div><div class=\"first\"><\/div><div class=\"second\"><button style=\"background-color: #AACA1F; padding: 13px 29px 13px 29px; color: #fff; border: none; letter-spacing: 1px;\" type=\"submit\" >ABSENDEN<\/button><\/div><\/div><div id=\"fa_16\" class=\"element\"><div class=\"formassi_element_paragraph\">Die mit * gekennzeichneten Felder sind Pflichtfelder. <\/div><\/div><!-- END ELEMENTS -->\n<\/div><\/form>\n<\/div><\/div><\/div><\/div>\n","protected":false},"excerpt":{"rendered":"","protected":false},"author":1,"featured_media":0,"parent":0,"menu_order":0,"comment_status":"closed","ping_status":"closed","template":"100-width.php","meta":{"_acf_changed":false,"footnotes":""},"class_list":["post-1645","page","type-page","status-publish","hentry"],"acf":[],"yoast_head":"<!-- This site is optimized with the Yoast SEO plugin v27.4 - https:\/\/yoast.com\/product\/yoast-seo-wordpress\/ -->\n<title>Newsletter - Resilience Expo<\/title>\n<meta name=\"robots\" content=\"index, follow, max-snippet:-1, max-image-preview:large, max-video-preview:-1\" \/>\n<link rel=\"canonical\" href=\"https:\/\/resilience-expo.com\/home\/newsletter\/\" \/>\n<meta property=\"og:locale\" content=\"de_DE\" \/>\n<meta property=\"og:type\" content=\"article\" \/>\n<meta property=\"og:title\" content=\"Newsletter - Resilience Expo\" \/>\n<meta property=\"og:url\" content=\"https:\/\/resilience-expo.com\/home\/newsletter\/\" \/>\n<meta property=\"og:site_name\" content=\"Resilience Expo\" \/>\n<meta property=\"article:modified_time\" content=\"2025-05-28T21:34:23+00:00\" \/>\n<meta name=\"twitter:card\" content=\"summary_large_image\" \/>\n<meta name=\"twitter:label1\" content=\"Gesch\u00e4tzte Lesezeit\" \/>\n\t<meta name=\"twitter:data1\" content=\"1\u00a0Minute\" \/>\n<script type=\"application\/ld+json\" class=\"yoast-schema-graph\">{\"@context\":\"https:\\\/\\\/schema.org\",\"@graph\":[{\"@type\":\"WebPage\",\"@id\":\"https:\\\/\\\/resilience-expo.com\\\/home\\\/newsletter\\\/\",\"url\":\"https:\\\/\\\/resilience-expo.com\\\/home\\\/newsletter\\\/\",\"name\":\"Newsletter - Resilience Expo\",\"isPartOf\":{\"@id\":\"https:\\\/\\\/resilience-expo.com\\\/home\\\/#website\"},\"datePublished\":\"2025-03-18T11:08:42+00:00\",\"dateModified\":\"2025-05-28T21:34:23+00:00\",\"breadcrumb\":{\"@id\":\"https:\\\/\\\/resilience-expo.com\\\/home\\\/newsletter\\\/#breadcrumb\"},\"inLanguage\":\"de\",\"potentialAction\":[{\"@type\":\"ReadAction\",\"target\":[\"https:\\\/\\\/resilience-expo.com\\\/home\\\/newsletter\\\/\"]}]},{\"@type\":\"BreadcrumbList\",\"@id\":\"https:\\\/\\\/resilience-expo.com\\\/home\\\/newsletter\\\/#breadcrumb\",\"itemListElement\":[{\"@type\":\"ListItem\",\"position\":1,\"name\":\"Startseite\",\"item\":\"https:\\\/\\\/resilience-expo.com\\\/home\\\/\"},{\"@type\":\"ListItem\",\"position\":2,\"name\":\"Newsletter\"}]},{\"@type\":\"WebSite\",\"@id\":\"https:\\\/\\\/resilience-expo.com\\\/home\\\/#website\",\"url\":\"https:\\\/\\\/resilience-expo.com\\\/home\\\/\",\"name\":\"Resilience Expo\",\"description\":\"Erleben Sie die Zukunft der Klimaanpassung.\",\"potentialAction\":[{\"@type\":\"SearchAction\",\"target\":{\"@type\":\"EntryPoint\",\"urlTemplate\":\"https:\\\/\\\/resilience-expo.com\\\/home\\\/?s={search_term_string}\"},\"query-input\":{\"@type\":\"PropertyValueSpecification\",\"valueRequired\":true,\"valueName\":\"search_term_string\"}}],\"inLanguage\":\"de\"}]}<\/script>\n<!-- \/ Yoast SEO plugin. -->","yoast_head_json":{"title":"Newsletter - Resilience Expo","robots":{"index":"index","follow":"follow","max-snippet":"max-snippet:-1","max-image-preview":"max-image-preview:large","max-video-preview":"max-video-preview:-1"},"canonical":"https:\/\/resilience-expo.com\/home\/newsletter\/","og_locale":"de_DE","og_type":"article","og_title":"Newsletter - Resilience Expo","og_url":"https:\/\/resilience-expo.com\/home\/newsletter\/","og_site_name":"Resilience Expo","article_modified_time":"2025-05-28T21:34:23+00:00","twitter_card":"summary_large_image","twitter_misc":{"Gesch\u00e4tzte Lesezeit":"1\u00a0Minute"},"schema":{"@context":"https:\/\/schema.org","@graph":[{"@type":"WebPage","@id":"https:\/\/resilience-expo.com\/home\/newsletter\/","url":"https:\/\/resilience-expo.com\/home\/newsletter\/","name":"Newsletter - Resilience Expo","isPartOf":{"@id":"https:\/\/resilience-expo.com\/home\/#website"},"datePublished":"2025-03-18T11:08:42+00:00","dateModified":"2025-05-28T21:34:23+00:00","breadcrumb":{"@id":"https:\/\/resilience-expo.com\/home\/newsletter\/#breadcrumb"},"inLanguage":"de","potentialAction":[{"@type":"ReadAction","target":["https:\/\/resilience-expo.com\/home\/newsletter\/"]}]},{"@type":"BreadcrumbList","@id":"https:\/\/resilience-expo.com\/home\/newsletter\/#breadcrumb","itemListElement":[{"@type":"ListItem","position":1,"name":"Startseite","item":"https:\/\/resilience-expo.com\/home\/"},{"@type":"ListItem","position":2,"name":"Newsletter"}]},{"@type":"WebSite","@id":"https:\/\/resilience-expo.com\/home\/#website","url":"https:\/\/resilience-expo.com\/home\/","name":"Resilience Expo","description":"Erleben Sie die Zukunft der Klimaanpassung.","potentialAction":[{"@type":"SearchAction","target":{"@type":"EntryPoint","urlTemplate":"https:\/\/resilience-expo.com\/home\/?s={search_term_string}"},"query-input":{"@type":"PropertyValueSpecification","valueRequired":true,"valueName":"search_term_string"}}],"inLanguage":"de"}]}},"_links":{"self":[{"href":"https:\/\/resilience-expo.com\/home\/wp-json\/wp\/v2\/pages\/1645","targetHints":{"allow":["GET"]}}],"collection":[{"href":"https:\/\/resilience-expo.com\/home\/wp-json\/wp\/v2\/pages"}],"about":[{"href":"https:\/\/resilience-expo.com\/home\/wp-json\/wp\/v2\/types\/page"}],"author":[{"embeddable":true,"href":"https:\/\/resilience-expo.com\/home\/wp-json\/wp\/v2\/users\/1"}],"replies":[{"embeddable":true,"href":"https:\/\/resilience-expo.com\/home\/wp-json\/wp\/v2\/comments?post=1645"}],"version-history":[{"count":14,"href":"https:\/\/resilience-expo.com\/home\/wp-json\/wp\/v2\/pages\/1645\/revisions"}],"predecessor-version":[{"id":1722,"href":"https:\/\/resilience-expo.com\/home\/wp-json\/wp\/v2\/pages\/1645\/revisions\/1722"}],"wp:attachment":[{"href":"https:\/\/resilience-expo.com\/home\/wp-json\/wp\/v2\/media?parent=1645"}],"curies":[{"name":"wp","href":"https:\/\/api.w.org\/{rel}","templated":true}]}}